2 - 12*g - 2. Let w be z(-41). Give s(w).
26
Let w(z) = -4556*z**2 + 4548*z**2 - 15*z + 40 + z**3 - 71. Determine w(10).
19
Let d be (20/8)/((-2)/(-20)). Suppose -2*m = 3*s - 42, -5*m = -m - 5*s - 128. Let v = m - d. Let g(w) = -w**3 + 2*w**2 - 1. Give g(v).
-1
Let b(v) = 0 + 12*v + 1 - 8*v. Let c be 6 + -7 + 3 + 5. Give b(c).
29
Let f(u) = u**2 + u - 9. Let n(o) = 14*o**2 + 14*o - 119. Let i(l) = -13*f(l) + n(l). Let v = -4 - -6. Calculate i(v).
4
Let p(a) = 39048*a**2 + 0*a - 19526*a**2 - 4 - 19520*a**2 + 3*a. What is p(-3)?
5
Suppose -2*n + 47 = d, 540*n - 6*d = 539*n + 56. Let z(b) = b**2 - 34*b + 189. What is z(n)?
-19
Suppose -60*q + 58*q = -z + 8, -3*z = 3*q + 21. Let b(p) = -30*p - 5. What is b(q)?
145
Let w(h) = 101*h**3 - 3*h**2 - h - 23. Let q(r) = -34*r**3 + r**2 + 4. Let p(x) = -3*q(x) - w(x). Suppose 4*d = 5*f - 16, 4*f - d + 2 = 6. Determine p(f).
11
Let k(n) = -4 - 7*n**2 - 2*n**3 + 5 - 20*n + 15*n + 19*n**2. What is k(5)?
26
Let r be ((-18)/(-24))/((-1)/4). Let w(p) be the second derivative of -p**2 + 2 - 1/2*p**3 - 14*p. What is w(r)?
7
Let r(k) = k**3 - 4*k**2 - 4*k - 5. Suppose -33*a + 125 = -8*a. Let b be 14 + (-4)/1 - a. Calculate r(b).
0
Let o be 4 + (1*(-2)/6)/((-1)/(-3)). Let i(u) = -u**3 + 4*u**2 - 2*u - 1. Calculate i(o).
2
Suppose 0 = -3*h - 12, 5*n - 77 = -h + 24. Let z = n - 29. Let k(g) = -g**2 - 9*g - 1. Calculate k(z).
7
Let j(i) = 2*i + 0*i**2 - 7*i**2 - 3 + i**3 + i**2. Let p(m) = -m**2 - 11*m + 214. Let z be p(10). Suppose -2*k - 3*d = 0, z*k + d - 10 = -0*k. Give j(k).
-24
Let w be 26/10 + -6*4/(-60). Let d(k) be the first derivative of -6*k**2 - 6*k + 7*k - w*k + k + 11. Calculate d(1).
-13
Let i(n) be the third derivative of 0*n**4 + 0*n**3 + 0*n + 1/120*n**6 + 0 + 1/15*n**5 + 34*n**2. Give i(-4).
0
Let a = 69 + -112. Let k = a + 46. Let d(j) = 2*j**2 + j**k - j**2 + 7 + 7*j**2 + 9*j + j**2. Determine d(-8).
-1
Let t(q) be the first derivative of 170 + 9*q - q**2 - 1/3*q**3. Determine t(-6).
-15
Let a(s) = -18*s + 7*s + 390 - 19*s + 6*s - 310. Give a(3).
8
Let p(h) = -2*h**2 + 40*h - 55. Let m be p(15). Suppose -m = -10*u - 9*u. Let n(w) = w**2 - 2*w - 5. Calculate n(u).
10
Let o(y) = -3*y - 14*y + 7 + 21*y + 63*y - 604. Give o(9).
6
Suppose 134 = -4*g + 114, 0 = z + 3*g + 6. Let j(n) = n + 3*n - 10*n + z - 3*n - 16. Calculate j(-5).
38
Let h = -81 + 87. Let u(z) = -4*z**3 - 4*z**2 - 12*z - 9. Let l(p) = p**3 + 1. Let t(o) = 5*l(o) + u(o). Calculate t(h).
-4
Let m(l) = 2*l**3 + 7*l**2 - 123*l - 60. Let x(u) = u**3 + 4*u**2 - 64*u - 29. Let g(b) = 4*m(b) - 9*x(b). Determine g(-14).
21
Let y be (6/(-3) + 15)/1. Let i = -1 + y. Suppose -4*a - 22 = -3*o, 4*a - 2*o + i = 2*a. Let w(q) = -q**3 - 3*q**2 + 4*q + 5. Determine w(a).
5
Let q(t) be the first derivative of t**4/4 - 4*t**3/3 + 3*t**2/2 + 3*t + 1455. Let x(w) = -w**2 - 4*w + 64. Let r be x(6). What is q(r)?
15
Let p(s) = -16*s + 25. Let b(y) = y**2 + y - 105. Let z be b(10). What is p(z)?
-55
Let j(u) = -21*u + 52. Let w(c) be the first derivative of -2*c**2 + 10*c + 107. Let f(k) = -2*j(k) + 11*w(k). Determine f(9).
-12
Let k(p) = -84*p**2 - 2 + 271*p + 84*p**2 - 272*p + 73*p**3. Calculate k(-1).
-74
Let h be (5 + (-10)/4)*100. Let w = h + -124. Suppose 0 = -w*k + 127*k + 8. Let z(g) = g**2 + 6*g - 11. Determine z(k).
5
Suppose -541*w + 16 = -537*w. Let r be (24/w + -3)*(-7 - -8). Let x(i) = -i**3 + i**2 + 4*i. What is x(r)?
-6
Let d be (27/54)/(6/(-9))*(-16)/(-6). Let f(r) be the second derivative of r**5/5 - r**4/4 - r**3/6 - r**2/2 - 9*r. Determine f(d).
-43
Let o(i) = i**2 - 11*i - 6. Let b be o(12). Let x(f) = -2*f**2 + 9*f + 21. Let d be x(b). Let a(l) = l**3 - 4*l**2 + 4*l - 1. Determine a(d).
2
Let q = 172 + -169. Suppose -k - 7*d + 3*d + 17 = 0, 9 = q*k - 2*d. Let j(v) = -v**2 + 4*v + 4. Give j(k).
-1
Suppose -24*y = -19*y - 2*c - 23, 4*y + 2*c = 22. Let h(m) = -m**2 + 3. What is h(y)?
-22
Let h(a) = -a**3 - 2*a**2 - 5*a - 3. Let t(s) = s**3 - 8*s**2 - 4*s + 2. Let c be t(-1). Calculate h(c).
21
Let y = 5 - 3. Let w(j) be the second derivative of j**6/720 - j**5/120 + 55*j**4/6 - 96*j. Let q(m) be the third derivative of w(m). Calculate q(y).
1
Suppose -2*w - 4*f = -2 - 0, 5*f - 7 = -w. Let s be (1 - 1)/(-2*w/(-6)). Let y(r) = 2*r - r + 0*r. Determine y(s).
0
Let g(a) = -31*a**2 + 6*a + 16. Let k(i) = 119*i**2 - 25*i - 60. Let h(t) = -23*g(t) - 6*k(t). Suppose -6*o + 8*o = 18. Calculate h(o).
19
Let b(s) = 20*s**2 + s**2 - 3*s**3 + 4*s**3 + 23*s - 36 + 89. What is b(-20)?
-7
Let x(h) = -h**3 + 3*h**2 + 5*h. Let q be (-134)/6 + 2/(-3). Let r = q - -25. Suppose 11*p - r*p = 36. Determine x(p).
4
Let a(c) = 9*c - 289. Suppose -5*h + 200 = 5*b, 0 = -5*h - 5*b + 2*b + 184. What is a(h)?
-1
Let t(a) be the first derivative of -3/2*a**2 + 0*a + 11. Suppose -x - 18 = 4*m, 24 = -5*m - 4*x + 2*x. Give t(m).
12
Let v(h) = 25*h**3 + 72*h**2 - 70*h - 160. Let u(p) = -9*p**3 - 24*p**2 + 23*p + 54. Let m(b) = 11*u(b) + 4*v(b). Determine m(-25).
4
Let z(o) = -8*o + 183. Let y be z(21). Let j = 14 - 14. Let f(b) = -4*b**2 + j*b**2 + 4*b - y + 2*b**2 + 17. Determine f(4).
-14
Let o(h) = h**2 + 2*h - 10*h**2 + h**2 - 2 - 278*h**3 + 277*h**3 + 7*h**2. Let d = 4 - 7. What is o(d)?
10
Let q(z) = -25*z**2 + 5 + 24*z**2 - 2*z - 8 + 15*z**3 + 5. Calculate q(-2).
-118
Let v(m) be the second derivative of -m**5/20 - 982*m + 3. Suppose 11 = 3*x + 5. Calculate v(x).
-8
Let l(f) = -10*f - 15. Suppose 39 = -36*z + 23*z. Give l(z).
15
Let j = -121 + 135. Suppose -j*o - 21*o - 175 = 0. Let z(v) = 4*v + 7. Give z(o).
-13
Let h(j) = 3*j + 1. Let p be h(0). Let u(y) = -13*y**2 - p + 12 - 10. Let g be (0 + (-4)/(-4))*-1. Calculate u(g).
-12
Let g(z) = -10*z - 3. Suppose -1 - 1 = 2*u, -3*b - 5*u - 2 = 0. Calculate g(b).
-13
Let j(m) = -m**2 + 26*m + 93. Suppose 4*p - 60 - 58 = 2*x, -3*x - 3 = 0. Let n be j(p). Let w(l) = l**3 - 7*l**2 + 9*l - 8. Give w(n).
10
Let x(o) = 3*o**2 + 19*o + 32. Let c(z) = 13*z**2 + 79*z + 144. Let d(p) = 2*c(p) - 9*x(p). Let w be 1/((-1)/(-13)*-1). Calculate d(w).
0
Let p(a) = 6*a**3 - 9*a**2 + 7*a - 5. Let m(f) = 5*f**3 - 9*f**2 + 8*f - 5. Let n(t) = 5*m(t) - 4*p(t). Let z be 12/(-15)*7/((-14)/20). Determine n(z).
27
Let k(f) = -7*f - 7. Let o(m) = 12*m + 3. Let i(j) = 3*k(j) + 2*o(j). Suppose -4*v + 17 = -11. Calculate i(v).
6
Suppose 346 + 175 = -5*y + 2*w, -2*y = -4*w + 218. Let o = y + 125. Suppose o*r = 21*r + 6. Let n(t) = t**2 - 4*t - 7. Calculate n(r).
5
Let u(y) = 6*y - 25. Let b(j) = -4*j + 9. Let x(a) = -8*b(a) - 5*u(a). Calculate x(-19).
15
Let s(y) = 93 + 2*y**2 - 13240*y - 2*y**2 + 13215*y - y**2. Give s(-28).
9
Let d be (-15)/(-2)*3972/(-2979). Let g(f) = f**3 + 10*f**2 - 30*f - 300. Calculate g(d).
0
Let j(i) be the third derivative of i**6/120 - 7*i**5/60 + i**4/24 - i**3/6 + 4*i**2 - 118. What is j(7)?
6
Let k = 226 + -224. Suppose -h - 19 = 4*l - 16, 3*h = -5*l - k. Let m(w) = 5*w**2 - 1. Determine m(l).
4
Let q(d) = -6*d**2 + 31*d - 6. Let g = 2730 + -2725. Calculate q(g).
-1
Let a(y) = -14 + 13 + 5*y - 18 + y**2. Let q be a(7). Suppose 4*i + 4*z = -20, 0 = -i - 4*i + 3*z - q. Let m(s) = s**2 + 9*s - 8. Calculate m(i).
2
Let s(v) = 7*v - 14. Let x(b) = 20*b - 41. Let p(t) = 17*s(t) - 6*x(t). Let u be 51/(-238) - ((-12)/56 + 6). Give p(u).
14
Let t(h) = h**3 + 4*h**2 - 5*h - 2. Let c = 569 + -119. Let d = -455 + c. Give t(d).
-2
Let s(u) = u - 30. Let n be -24*(-105)/135*(-3)/(-2). Give s(n).
-2
Let z(a) = a**2 - 4*a - 2. Let k be z(5). Let r(q) = -11*q**2 - 7*q - 1 - 12*q**k - q + 13*q**3 - 4*q. Determine r(12).
-1
Let l(v) = -4 - 8*v**2 + 5*v**2 + 5*v**2 - 6*v. Let j be (-4)/(-30) + (-9632)/240. Let x = -35 - j. Give l(x).
16
Let m be 336/77 + (-72)/198. Let l(a) = a**3 - 3*a**2 + 6*a - 22. Give l(m).
18
Let h = 46 - 44. Let x(i) be the first derivative of i**5/20 - i**4/4 + i**3/3 - 3*i**2/2 + i - 16. Let a(c) be the first derivative of x(c). Give a(h).
-3
Let b(n) = -7*n - 1. Let i(h) = -36*h + 6. Let t(l) = -5*b(l) + i(l). Determine t(10).
1
Let a(s) be the third derivative of -2*s**6/15 + s**5/60 - s**3/6 + 104*s**2 - 3. Calculate a(1).
-16
Let u = 6 - 10. Let i(x) = 23*x - 6. Let h be ((-10)/(-8) - -1) + 3/(-12). Let w(t) = -9*t + 3. Let d(y) = h*i(y) + 5*w(y). Calculate d(u).
-1
Let w(x) = -11748 - x**3 - 3*x**3 + 11731